 842 = -3, -4*y - 3*x + 1117 = 0. List the prime factors of y.
283
Let n(a) = -a**2 + 4*a - 1. Let x be n(5). What are the prime factors of (x/(-5))/(63/210)?
2
Let r = 33 - 55. Let g = 66 + r. What are the prime factors of g?
2, 11
Suppose 2075 + 3017 = 19*y. What are the prime factors of y?
2, 67
Let h be ((-64)/20 - -2)*5. Let r be (-51)/(-15) - h/(-15). Suppose 0 = r*k - 2*k - 21. What are the prime factors of k?
3, 7
Let u(z) = 19*z + 8. Let d(i) be the third derivative of -5*i**4/6 - 3*i**3/2 - 14*i**2. Let t(p) = -5*d(p) - 6*u(p). List the prime factors of t(-4).
53
Suppose 2*g = x - 0*g - 39, 4*x + g - 156 = 0. Let o = x + -11. List the prime factors of o.
2, 7
Let l(c) = -2*c - 14. List the prime factors of l(-17).
2, 5
Suppose -35*k = 9*k - 35288. What are the prime factors of k?
2, 401
Suppose -3*t + 2*h = 37, -5*t + 3*h - 60 = -0*t. Let w = 53 + t. List the prime factors of w.
2, 11
Let c(o) = -o**3 - 23*o**2 + 18. Let a be c(-23). List the prime factors of a/(-108) + 313/6.
2, 13
Let n = 129 - -2951. List the prime factors of n.
2, 5, 7, 11
Let k(c) = 8*c**2 - 105*c + 8. What are the prime factors of k(27)?
5, 601
What are the prime factors of 1363 + 1 - (3 - 0)?
1361
Suppose -k = 5*b - 10, 3*k + 3*b + b - 8 = 0. Let h(g) = 4*g + k*g - 10 + 4*g. List the prime factors of h(4).
2, 11
Suppose -2*w - 2 + 40 = 0. Suppose 23*g - 7 = 39. Suppose g*c = -2*q - 2, 2*c + 1 = 2*q + w. List the prime factors of c.
2
Suppose 5*j + 3*z - 25 = 0, -18 = -3*j - 5*z + 13. Let f(g) = 5*g - 4. Let n be f(j). Suppose x - n*x + 10 = 0. What are the prime factors of x?
2
Let t = -135 - -502. Suppose 2*r - 5*d = 4*r - t, 0 = 4*r + 4*d - 716. List the prime factors of r.
2, 11
Let r(h) = 14*h**2 + 18*h - 52. What are the prime factors of r(-14)?
2, 5, 61
Let h = 427 - 259. What are the prime factors of h?
2, 3, 7
Suppose 4*w + w + 12 = 4*i, 5*w - 15 = -5*i. Suppose 0 = -i*v - 2 - 28. Let r = -7 - v. What are the prime factors of r?
3
Let h = -7 - -66. Let d = h + -33. Suppose 2*o + d = 4*o. What are the prime factors of o?
13
Let b(p) = 16*p + 210. What are the prime factors of b(28)?
2, 7, 47
Suppose 0 = -4*g + 156 + 144. Let q be (-102)/1*6/(-12). Let t = g - q. List the prime factors of t.
2, 3
Let z be (15 + -7)*(7 - 2). Suppose -5*r = -r - 4*h + z, 0 = 2*r + 3*h + 10. Let a(u) = -u**3 - 7*u**2 + 4*u - 7. What are the prime factors of a(r)?
5
Let k(c) = 305*c**2 + c - 3. List the prime factors of k(1).
3, 101
Suppose o + 4 = -34. Let x = 138 + o. List the prime factors of x.
2, 5
Suppose -12*t + 17*t - 75 = 0. Let l = t - 3. List the prime factors of l.
2, 3
Let i = -328 - -417. What are the prime factors of i?
89
Let w(j) = 3*j**2 + 46*j + 55. List the prime factors of w(-32).
5, 331
Suppose 0 = 4*g + 5*v - 19108, 5*g = -9*v + 14*v + 23840. What are the prime factors of g?
2, 1193
Let q be 0 + (-6 - -5) + 383. Suppose l + q = 3*l - 4*p, 3*l - p - 548 = 0. What are the prime factors of l?
181
Suppose 5*r - 4*d - 5 = d, 3*d = -3*r + 21. Suppose 0 = r*l + 23 - 455. List the prime factors of l.
2, 3
Suppose -2*v + 2581 = -3*p, 0 = -4*v - 5*p + 4405 + 790. What are the prime factors of v?
5, 7, 37
List the prime factors of 22004/38*2 - 8/76.
2, 3, 193
Let q = 98 + -89. Suppose 3*i - 3*l - 489 = 0, -i - 10*l + 173 = -q*l. List the prime factors of i.
2, 3, 7
Suppose 5*n + 3025 = 5*u - 0*u, -3*n = 4*u - 2413. What are the prime factors of u?
2, 151
Let j(t) = 8*t - 5. Let c(r) = r**2 - r. Let m(a) = 3*c(a) + j(a). What are the prime factors of m(-5)?
3, 5
Let v = 2918 - -515. List the prime factors of v.
3433
Suppose 2*d = -w - 0*w + 2, d = 0. Let v(c) = 5*c**3 - 21 - 5*c - 3*c**3 + 8*c**w - c**3 + 10. What are the prime factors of v(-8)?
29
Let d = -300 - -612. List the prime factors of d.
2, 3, 13
Let b be (2/1)/(8/64). Let t = -10 + b. List the prime factors of (-2)/t*(3 + -144).
47
Suppose 0*i - 10 = -5*i. List the prime factors of (i/(-3))/((-18)/1647).
61
Let s be (-2)/(-6) - 26/(-3). Suppose -s = -2*r - 1. Suppose r*i = 4*p - 32, -3*p = p - 2*i - 26. List the prime factors of p.
5
Suppose 5*t + 13*f - 3067 = 16*f, 0 = -3*t - 3*f + 1821. List the prime factors of t.
13, 47
Let a(w) be the third derivative of -w**6/120 + w**5/5 - w**3/2 - 2*w**2. Let k be a(12). Let g(h) = -h**3 - 3*h**2 - 2*h. List the prime factors of g(k).
2, 3
Let s(c) = -c**3 - 3*c**2 - 9*c - 12. Suppose -4*n + 2*f - 15 - 3 = 0, -5*f = -3*n - 10. List the prime factors of s(n).
83
Let z = 2244 - 1229. What are the prime factors of z?
5, 7, 29
Let m be 0/3*1/2. What are the prime factors of -11 + 125 + (m - -1)?
5, 23
Let r(t) = -4*t - 4. Let g be r(-8). Let w = 105 - g. List the prime factors of w.
7, 11
Suppose -2*f + 225 = -2*z + 73, -4*z = 3*f - 263. List the prime factors of f.
3
Suppose 97*l - 108*l + 9603 = 0. List the prime factors of l.
3, 97
Let s(g) = 3*g - 37. Let x be s(17). Let i be 0 + 1 + 1 + 0. Suppose 0 = -p + i*p - x. List the prime factors of p.
2, 7
Suppose 3 = m + 1. Suppose -m*c - 5*i + 33 = 0, -5*i + 1 = -c - 4*i. What are the prime factors of 2*(-3 + 50/c)?
19
Let c = 578 - 83. What are the prime factors of c?
3, 5, 11
Let p = 43 + -44. List the prime factors of (-1)/2*(p + -333).
167
Let j = 3 + 57. Suppose 2*w - 2*z - 48 = 0, -j = -0*w - 3*w - 3*z. What are the prime factors of w?
2, 11
Let v = -38 + 30. List the prime factors of 4/(v/(-102)) + -3.
2, 3
Suppose 2*z - 30 = 6. Let f be (-47)/(-7) - z/(-63). Let i(b) = 6*b + 11. List the prime factors of i(f).
53
Suppose 0*v - 2*p = 5*v + 25, p = 2*v + 1. Suppose 13*h - 10 + 127 = 0. List the prime factors of (h/3)/v + 37.
2, 19
Suppose -5754 = -2*p - 4*x, 3*x - 1361 = -4*p + 10147. What are the prime factors of p?
3, 7, 137
Let p = -19 + 5. Let o be 4/p + (-32)/(-14). Suppose -o*r - 11 = -47. List the prime factors of r.
2, 3
Suppose -2*o = 25 + 3. What are the prime factors of 441/(-6)*o/21?
7
Let j(x) = -16*x**3 + x**2 - 4*x - 6. List the prime factors of j(-4).
2, 3, 5, 7
Let l(u) be the second derivative of u**5/20 + u**4/3 - 5*u**3/6 - 2*u**2 + 42*u. Suppose 0 = -3*a - a - 16. List the prime factors of l(a).
2
Let g = 33 - 36. List the prime factors of (-44)/g*27/18.
2, 11
Let s(b) = 27*b + 11. What are the prime factors of s(5)?
2, 73
Let r = 590 - 1206. What are the prime factors of ((-32)/12)/(-8) + r/(-6)?
103
What are the prime factors of (6 + 133/(-4))*(1 + -25)?
2, 3, 109
Let s(c) = 2*c**3 - 4*c**2 + 3*c - 7. Suppose -11*b + 34 = -21. List the prime factors of s(b).
2, 79
Let h(b) = -43*b + 57. Let z be h(-13). Let x = z + -308. What are the prime factors of x?
2, 7, 11
Let c be 120 + (-3)/3 + -3. Suppose -15*u = -11*u - c. What are the prime factors of u?
29
Suppose -3*b + 0*b - 7 = 4*o, 0 = -5*o + b + 15. Suppose o*j - 281 = 215. List the prime factors of j.
2, 31
Let p(j) = 3*j**2 + 18*j + 7. What are the prime factors of p(13)?
2, 11, 17
Let z(t) = t**2 - 3*t - 8. Let m be ((-8)/(-10))/(3/15). Let x be z(m). Let g = x + 26. What are the prime factors of g?
2, 11
Suppose 3*t - 2307 = -2*p, -2 - 1 = 3*t. List the prime factors of p.
3, 5, 7, 11
Let j(c) = -2*c**3 - 2*c**2 + 85*c + 1. What are the prime factors of j(-12)?
7, 307
Let r = -62 - 9. Let p = -43 - r. List the prime factors of p.
2, 7
Suppose 0 = 12*j - 2837 - 847. List the prime factors of j.
307
Suppose 0 = -2*d + 10, -3*k + 28 = -2*k + 4*d. Let v be -9 + k - 4*-7. Suppose -7*c - v = -10*c. What are the prime factors of c?
3
Suppose 0*b = 5*b - 385. Suppose -39*y + 13 = 4*v - 38*y, -31 = -4*v + 5*y. Suppose -27 - b = -v*s. List the prime factors of s.
2, 13
Let m be (-816)/(-40) - 2/5. Suppose 17*x + 174 = m*x. What are the prime factors of x?
2, 29
Suppose 634 = 4*r - 2*j, -2*r = -6*r + j + 631. Suppose p + r = 2*z, 5*z + p = -74 + 456. List the prime factors of z.
7, 11
Let w = 410 + -255. List the prime factors of w.
5, 31
Suppose 0 = 3*r + 2*h - 0*h - 16, -r - 2*h = -12. Suppose -376 = -5*y + r*s, -y - 3*y - 2*s + 290 = 0. What are the prime factors of y?
2, 37
Suppose 3498 = 51*o - 49*o. What are the prime factors of o?
3, 11, 53
Suppose -3*h + u + 14 = 0, 2*u = -4*h - 0*h + 22. Suppose -h*w = -15, 5*f - 3*w + 373 = -2*w. Let d = -34 - f. What are the prime factors of d?
2, 5
Let l = 114 - 8. Suppose 2*w - 122 = n, -4*n +